{"id":520,"date":"2022-04-02T11:52:37","date_gmt":"2022-04-02T09:52:37","guid":{"rendered":"http:\/\/xoqeuee.cluster028.hosting.ovh.net\/?page_id=520"},"modified":"2022-06-19T18:09:30","modified_gmt":"2022-06-19T16:09:30","slug":"papillons","status":"publish","type":"page","link":"https:\/\/stcojardin.fr\/index.php\/papillons\/","title":{"rendered":"Papillons du jardin StCo"},"content":{"rendered":"\n<p>l&#8217;observation des papillons du jardin nous a permis en 2021 de recenser plusieurs familles de papillon. Notre proposition est de continuer cette ann\u00e9e 2022 \u00e0 les reconna\u00eetre. Toute photographie d\u2019une nouvelle famille et dans ces familles de plusieurs groupes nous permettra de la mettre sur le site. Merci de faire vivre notre connaissance des papillons en les r\u00e9pertoriant sur le site.<\/p>\n\n\n\n<p>Les familles principales sont : Les Nymphalid\u00e9s &#8211; Les Papilionid\u00e9s- Les Pi\u00e9rid\u00e9s -Les Lyc\u00e9nid\u00e9s- Les Hesp\u00e9rid\u00e9s<\/p>\n\n\n\n<div class=\"wp-block-media-text alignwide is-stacked-on-mobile\" style=\"grid-template-columns:61% auto\"><figure class=\"wp-block-media-text__media\"><img loading=\"lazy\" decoding=\"async\" width=\"768\" height=\"1024\" src=\"http:\/\/xoqeuee.cluster028.hosting.ovh.net\/wp-content\/uploads\/2022\/04\/Papillon-papilonide\u0301-Machaon-genre-papilio.jpeg\" alt=\"\" class=\"wp-image-528 size-full\" srcset=\"https:\/\/stcojardin.fr\/wp-content\/uploads\/2022\/04\/Papillon-papilonide\u0301-Machaon-genre-papilio.jpeg 768w, https:\/\/stcojardin.fr\/wp-content\/uploads\/2022\/04\/Papillon-papilonide\u0301-Machaon-genre-papilio-225x300.jpeg 225w\" sizes=\"auto, (max-width: 768px) 100vw, 768px\" \/><\/figure><div class=\"wp-block-media-text__content\">\n<p class=\"has-text-align-center\" style=\"font-size:19px\">Famille des Papilionid\u00e9s Papilio Machaon          (porte-queue)<\/p>\n<\/div><\/div>\n\n\n\n<div class=\"wp-block-media-text alignwide is-stacked-on-mobile\" style=\"grid-template-columns:60% auto\"><figure class=\"wp-block-media-text__media\"><img loading=\"lazy\" decoding=\"async\" width=\"768\" height=\"1024\" src=\"http:\/\/xoqeuee.cluster028.hosting.ovh.net\/wp-content\/uploads\/2022\/04\/Papillon-nymphalide\u0301-Cardinal-genre-argynnis-.jpeg\" alt=\"\" class=\"wp-image-526 size-full\" srcset=\"https:\/\/stcojardin.fr\/wp-content\/uploads\/2022\/04\/Papillon-nymphalide\u0301-Cardinal-genre-argynnis-.jpeg 768w, https:\/\/stcojardin.fr\/wp-content\/uploads\/2022\/04\/Papillon-nymphalide\u0301-Cardinal-genre-argynnis--225x300.jpeg 225w\" sizes=\"auto, (max-width: 768px) 100vw, 768px\" \/><\/figure><div class=\"wp-block-media-text__content\">\n<p class=\"has-text-align-center\" style=\"font-size:18px\">Famille des Nymphalid\u00e9s  Argynis pandora Cardinal<\/p>\n<\/div><\/div>\n\n\n\n<p>Famille des Nymphalid\u00e9s Argynis pandora Cardinal<\/p>\n\n\n\n<div class=\"wp-block-media-text alignwide is-stacked-on-mobile\" style=\"grid-template-columns:60% auto\"><figure class=\"wp-block-media-text__media\"><img loading=\"lazy\" decoding=\"async\" width=\"1024\" height=\"809\" src=\"http:\/\/xoqeuee.cluster028.hosting.ovh.net\/wp-content\/uploads\/2022\/05\/Papillon-Pararge-aegeria-Tircis-1-1024x809.jpeg\" alt=\"\" class=\"wp-image-603 size-full\" srcset=\"https:\/\/stcojardin.fr\/wp-content\/uploads\/2022\/05\/Papillon-Pararge-aegeria-Tircis-1-1024x809.jpeg 1024w, https:\/\/stcojardin.fr\/wp-content\/uploads\/2022\/05\/Papillon-Pararge-aegeria-Tircis-1-300x237.jpeg 300w, https:\/\/stcojardin.fr\/wp-content\/uploads\/2022\/05\/Papillon-Pararge-aegeria-Tircis-1-768x607.jpeg 768w, https:\/\/stcojardin.fr\/wp-content\/uploads\/2022\/05\/Papillon-Pararge-aegeria-Tircis-1-1536x1213.jpeg 1536w, https:\/\/stcojardin.fr\/wp-content\/uploads\/2022\/05\/Papillon-Pararge-aegeria-Tircis-1-2048x1618.jpeg 2048w, https:\/\/stcojardin.fr\/wp-content\/uploads\/2022\/05\/Papillon-Pararge-aegeria-Tircis-1-1800x1422.jpeg 1800w\" sizes=\"auto, (max-width: 1024px) 100vw, 1024px\" \/><\/figure><div class=\"wp-block-media-text__content\">\n<p class=\"has-text-align-center\" style=\"font-size:22px\">Famille des Nymphalid\u00e9s          Pararge aegeria Tircis<\/p>\n<\/div><\/div>\n\n\n\n<div class=\"wp-block-media-text alignwide is-stacked-on-mobile\" style=\"grid-template-columns:60% auto\"><figure class=\"wp-block-media-text__media\"><img loading=\"lazy\" decoding=\"async\" width=\"1024\" height=\"899\" src=\"http:\/\/xoqeuee.cluster028.hosting.ovh.net\/wp-content\/uploads\/2022\/04\/le-papillon-de-la-pie\u0301ride-du-chou-1024x899.jpeg\" alt=\"\" class=\"wp-image-529 size-full\" srcset=\"https:\/\/stcojardin.fr\/wp-content\/uploads\/2022\/04\/le-papillon-de-la-pie\u0301ride-du-chou-1024x899.jpeg 1024w, https:\/\/stcojardin.fr\/wp-content\/uploads\/2022\/04\/le-papillon-de-la-pie\u0301ride-du-chou-300x264.jpeg 300w, https:\/\/stcojardin.fr\/wp-content\/uploads\/2022\/04\/le-papillon-de-la-pie\u0301ride-du-chou-768x675.jpeg 768w, https:\/\/stcojardin.fr\/wp-content\/uploads\/2022\/04\/le-papillon-de-la-pie\u0301ride-du-chou-1536x1349.jpeg 1536w, https:\/\/stcojardin.fr\/wp-content\/uploads\/2022\/04\/le-papillon-de-la-pie\u0301ride-du-chou-2048x1799.jpeg 2048w, https:\/\/stcojardin.fr\/wp-content\/uploads\/2022\/04\/le-papillon-de-la-pie\u0301ride-du-chou-1800x1581.jpeg 1800w\" sizes=\"auto, (max-width: 1024px) 100vw, 1024px\" \/><\/figure><div class=\"wp-block-media-text__content\">\n<p class=\"has-text-align-center\" style=\"font-size:20px\">Famille des Pi\u00e9rid\u00e9s Pi\u00e9ris Brassicae Pi\u00e9ride du chou<\/p>\n<\/div><\/div>\n\n\n\n<div class=\"wp-block-media-text alignwide is-stacked-on-mobile\" style=\"grid-template-columns:60% auto\"><figure class=\"wp-block-media-text__media\"><img loading=\"lazy\" decoding=\"async\" width=\"905\" height=\"661\" src=\"http:\/\/xoqeuee.cluster028.hosting.ovh.net\/wp-content\/uploads\/2022\/06\/papillon-genre-aporia.jpeg\" alt=\"\" class=\"wp-image-737 size-full\" srcset=\"https:\/\/stcojardin.fr\/wp-content\/uploads\/2022\/06\/papillon-genre-aporia.jpeg 905w, https:\/\/stcojardin.fr\/wp-content\/uploads\/2022\/06\/papillon-genre-aporia-300x219.jpeg 300w, https:\/\/stcojardin.fr\/wp-content\/uploads\/2022\/06\/papillon-genre-aporia-768x561.jpeg 768w\" sizes=\"auto, (max-width: 905px) 100vw, 905px\" \/><\/figure><div class=\"wp-block-media-text__content\">\n<p class=\"has-text-align-center\" style=\"font-size:18px\">Famille des Pi\u00e9rid\u00e9s<\/p>\n\n\n\n<p>Le Gaz\u00e9 ou Pi\u00e9ride de l&#8217;Aubepine: C&#8217;est un h\u00f4te des or\u00e9es bois\u00e9es, all\u00e9es foresti\u00e8res, friches arbor\u00e9es, zones bocag\u00e8res humides.Le Gaz\u00e9, ou Pi\u00e9ride de l\u2019aub\u00e9pine <em>(Aporia<\/em> <em>crataegi<\/em>)<em>,<\/em> est un papillon blanc aux ailes nervur\u00e9es de noir. Il \u00e9tait autrefois si commun en France qu\u2019on le consid\u00e9rait comme nuisible, car ses chenilles pouvaient faire des d\u00e9g\u00e2ts dans les vergers en consommant les feuilles des arbres fruitiers.<\/p>\n<\/div><\/div>\n\n\n\n<div class=\"wp-block-media-text alignwide is-stacked-on-mobile\" style=\"grid-template-columns:60% auto\"><figure class=\"wp-block-media-text__media\"><img loading=\"lazy\" decoding=\"async\" width=\"1024\" height=\"804\" src=\"http:\/\/xoqeuee.cluster028.hosting.ovh.net\/wp-content\/uploads\/2022\/04\/Vulcain-papillon-1024x804.jpeg\" alt=\"\" class=\"wp-image-532 size-full\" srcset=\"https:\/\/stcojardin.fr\/wp-content\/uploads\/2022\/04\/Vulcain-papillon-1024x804.jpeg 1024w, https:\/\/stcojardin.fr\/wp-content\/uploads\/2022\/04\/Vulcain-papillon-300x235.jpeg 300w, https:\/\/stcojardin.fr\/wp-content\/uploads\/2022\/04\/Vulcain-papillon-768x603.jpeg 768w, https:\/\/stcojardin.fr\/wp-content\/uploads\/2022\/04\/Vulcain-papillon-1536x1205.jpeg 1536w, https:\/\/stcojardin.fr\/wp-content\/uploads\/2022\/04\/Vulcain-papillon.jpeg 1621w\" sizes=\"auto, (max-width: 1024px) 100vw, 1024px\" \/><\/figure><div class=\"wp-block-media-text__content\">\n<p class=\"has-text-align-center\" style=\"font-size:20px\">Famille des Nymphalid\u00e9s Vanessa Atalanta Vulcain<\/p>\n<\/div><\/div>\n\n\n\n<p class=\"has-text-align-center\">                                                                            <\/p>\n\n\n\n<div class=\"wp-block-media-text alignwide is-stacked-on-mobile\" style=\"grid-template-columns:60% auto\"><figure class=\"wp-block-media-text__media\"><img loading=\"lazy\" decoding=\"async\" width=\"905\" height=\"661\" src=\"http:\/\/xoqeuee.cluster028.hosting.ovh.net\/wp-content\/uploads\/2022\/06\/papillon-genre-aporia.jpeg\" alt=\"\" class=\"wp-image-737 size-full\" srcset=\"https:\/\/stcojardin.fr\/wp-content\/uploads\/2022\/06\/papillon-genre-aporia.jpeg 905w, https:\/\/stcojardin.fr\/wp-content\/uploads\/2022\/06\/papillon-genre-aporia-300x219.jpeg 300w, https:\/\/stcojardin.fr\/wp-content\/uploads\/2022\/06\/papillon-genre-aporia-768x561.jpeg 768w\" sizes=\"auto, (max-width: 905px) 100vw, 905px\" \/><\/figure><div class=\"wp-block-media-text__content\">\n<p class=\"has-large-font-size\"><\/p>\n\n\n\n<p>le GAZ\u00c9 ou PI\u00c9RIDE de l&#8217;AUB\u00c9PINE (Aporia crataegi)<\/p>\n<\/div><\/div>\n","protected":false},"excerpt":{"rendered":"<p>l&#8217;observation des papillons du jardin nous a permis en 2021 de recenser plusieurs familles de papillon. Notre proposition est de continuer cette ann\u00e9e 2022 \u00e0 les reconna\u00eetre. Toute photographie d\u2019une nouvelle famille et dans ces [&#8230;]<\/p>\n","protected":false},"author":1,"featured_media":0,"parent":0,"menu_order":0,"comment_status":"closed","ping_status":"closed","template":"","meta":{"footnotes":""},"class_list":["post-520","page","type-page","status-publish","hentry"],"_links":{"self":[{"href":"https:\/\/stcojardin.fr\/index.php\/wp-json\/wp\/v2\/pages\/520","targetHints":{"allow":["GET"]}}],"collection":[{"href":"https:\/\/stcojardin.fr\/index.php\/wp-json\/wp\/v2\/pages"}],"about":[{"href":"https:\/\/stcojardin.fr\/index.php\/wp-json\/wp\/v2\/types\/page"}],"author":[{"embeddable":true,"href":"https:\/\/stcojardin.fr\/index.php\/wp-json\/wp\/v2\/users\/1"}],"replies":[{"embeddable":true,"href":"https:\/\/stcojardin.fr\/index.php\/wp-json\/wp\/v2\/comments?post=520"}],"version-history":[{"count":7,"href":"https:\/\/stcojardin.fr\/index.php\/wp-json\/wp\/v2\/pages\/520\/revisions"}],"predecessor-version":[{"id":739,"href":"https:\/\/stcojardin.fr\/index.php\/wp-json\/wp\/v2\/pages\/520\/revisions\/739"}],"wp:attachment":[{"href":"https:\/\/stcojardin.fr\/index.php\/wp-json\/wp\/v2\/media?parent=520"}],"curies":[{"name":"wp","href":"https:\/\/api.w.org\/{rel}","templated":true}]}}