{"id":537,"date":"2022-04-12T13:53:41","date_gmt":"2022-04-12T11:53:41","guid":{"rendered":"http:\/\/xoqeuee.cluster028.hosting.ovh.net\/?page_id=537"},"modified":"2022-04-12T13:53:41","modified_gmt":"2022-04-12T11:53:41","slug":"le-carre-courges-2021-devient-le-carre-pommes-de-terre-et-petits-pois","status":"publish","type":"page","link":"https:\/\/stcojardin.fr\/index.php\/le-carre-courges-2021-devient-le-carre-pommes-de-terre-et-petits-pois\/","title":{"rendered":"Le carr\u00e9 &#8220;courges 2021&#8221; devient le carr\u00e9 &#8220;pommes de terre et petits pois&#8221;"},"content":{"rendered":"\n<figure class=\"wp-block-image size-large\"><img loading=\"lazy\" decoding=\"async\" width=\"1024\" height=\"768\" src=\"http:\/\/xoqeuee.cluster028.hosting.ovh.net\/wp-content\/uploads\/2022\/04\/carre\u0301-pommes-de-terre-2022-copie-1024x768.jpg\" alt=\"\" class=\"wp-image-539\" srcset=\"https:\/\/stcojardin.fr\/wp-content\/uploads\/2022\/04\/carre\u0301-pommes-de-terre-2022-copie-1024x768.jpg 1024w, https:\/\/stcojardin.fr\/wp-content\/uploads\/2022\/04\/carre\u0301-pommes-de-terre-2022-copie-300x225.jpg 300w, https:\/\/stcojardin.fr\/wp-content\/uploads\/2022\/04\/carre\u0301-pommes-de-terre-2022-copie-768x576.jpg 768w, https:\/\/stcojardin.fr\/wp-content\/uploads\/2022\/04\/carre\u0301-pommes-de-terre-2022-copie-1536x1152.jpg 1536w, https:\/\/stcojardin.fr\/wp-content\/uploads\/2022\/04\/carre\u0301-pommes-de-terre-2022-copie-2048x1536.jpg 2048w, https:\/\/stcojardin.fr\/wp-content\/uploads\/2022\/04\/carre\u0301-pommes-de-terre-2022-copie-1800x1350.jpg 1800w\" sizes=\"auto, (max-width: 1024px) 100vw, 1024px\" \/><\/figure>\n\n\n\n<p>Selon les consignes conjugu\u00e9es de Pascale et Ren\u00e9, la plantation des pommes de terre et petits pois a \u00e9t\u00e9 faite sous un tr\u00e8s beau soleil.<\/p>\n\n\n\n<ul class=\"wp-block-list\"><li>pour les pommes de terre, les plants ont \u00e9t\u00e9 r\u00e9partis sur deux rang\u00e9es en quinconce, avec 3 vari\u00e9t\u00e9s: de droite \u00e0 gauche, 2 rang\u00e9es d&#8217;Allianz, puis 2 rang\u00e9es de Charlotte, et enfin \u00e0 gauche 2 rang\u00e9es de Ratte du Touquet.  sur la petite butte , enrichissement en phosphate par la cendre (sans exc\u00e8s) et couverture avec la tonte du jour (+ azote)<\/li><li>pour les petits pois sem\u00e9s en poquets ( 4 \u00e0 6 grains) peu profonds et tass\u00e9s avec un peu de compost et un paillage fin qui vous permet de rep\u00e9rer les trois rangs (vari\u00e9t\u00e9 pois nain &#8220;Merveille de Kelvedon grain rid\u00e9&#8221;)<\/li><\/ul>\n\n\n\n<figure class=\"wp-block-image size-large\"><img loading=\"lazy\" decoding=\"async\" width=\"1024\" height=\"1024\" src=\"http:\/\/xoqeuee.cluster028.hosting.ovh.net\/wp-content\/uploads\/2022\/04\/IMG_5472-copie-1-1024x1024.jpg\" alt=\"\" class=\"wp-image-541\" srcset=\"https:\/\/stcojardin.fr\/wp-content\/uploads\/2022\/04\/IMG_5472-copie-1-1024x1024.jpg 1024w, https:\/\/stcojardin.fr\/wp-content\/uploads\/2022\/04\/IMG_5472-copie-1-300x300.jpg 300w, https:\/\/stcojardin.fr\/wp-content\/uploads\/2022\/04\/IMG_5472-copie-1-150x150.jpg 150w, https:\/\/stcojardin.fr\/wp-content\/uploads\/2022\/04\/IMG_5472-copie-1-768x768.jpg 768w, https:\/\/stcojardin.fr\/wp-content\/uploads\/2022\/04\/IMG_5472-copie-1-1536x1536.jpg 1536w, https:\/\/stcojardin.fr\/wp-content\/uploads\/2022\/04\/IMG_5472-copie-1-2048x2048.jpg 2048w, https:\/\/stcojardin.fr\/wp-content\/uploads\/2022\/04\/IMG_5472-copie-1-1800x1800.jpg 1800w, https:\/\/stcojardin.fr\/wp-content\/uploads\/2022\/04\/IMG_5472-copie-1-900x900.jpg 900w\" sizes=\"auto, (max-width: 1024px) 100vw, 1024px\" \/><figcaption>Avec Yann et Ren\u00e9, nous avons b\u00e9n\u00e9fici\u00e9 du renfort de Claudine et Nolwenn Le Mestre+++<\/figcaption><\/figure>\n\n\n\n<figure class=\"wp-block-image size-large\"><img loading=\"lazy\" decoding=\"async\" width=\"1024\" height=\"1024\" src=\"http:\/\/xoqeuee.cluster028.hosting.ovh.net\/wp-content\/uploads\/2022\/04\/IMG_5469-copie-1024x1024.jpg\" alt=\"\" class=\"wp-image-542\" srcset=\"https:\/\/stcojardin.fr\/wp-content\/uploads\/2022\/04\/IMG_5469-copie-1024x1024.jpg 1024w, https:\/\/stcojardin.fr\/wp-content\/uploads\/2022\/04\/IMG_5469-copie-300x300.jpg 300w, https:\/\/stcojardin.fr\/wp-content\/uploads\/2022\/04\/IMG_5469-copie-150x150.jpg 150w, https:\/\/stcojardin.fr\/wp-content\/uploads\/2022\/04\/IMG_5469-copie-768x768.jpg 768w, https:\/\/stcojardin.fr\/wp-content\/uploads\/2022\/04\/IMG_5469-copie-1536x1536.jpg 1536w, https:\/\/stcojardin.fr\/wp-content\/uploads\/2022\/04\/IMG_5469-copie-2048x2048.jpg 2048w, https:\/\/stcojardin.fr\/wp-content\/uploads\/2022\/04\/IMG_5469-copie-1800x1800.jpg 1800w, https:\/\/stcojardin.fr\/wp-content\/uploads\/2022\/04\/IMG_5469-copie-900x900.jpg 900w\" sizes=\"auto, (max-width: 1024px) 100vw, 1024px\" \/><\/figure>\n","protected":false},"excerpt":{"rendered":"<p>Selon les consignes conjugu\u00e9es de Pascale et Ren\u00e9, la plantation des pommes de terre et petits pois a \u00e9t\u00e9 faite sous un tr\u00e8s beau soleil. pour les pommes de terre, les plants ont \u00e9t\u00e9 r\u00e9partis [&#8230;]<\/p>\n","protected":false},"author":3,"featured_media":0,"parent":0,"menu_order":0,"comment_status":"closed","ping_status":"closed","template":"","meta":{"footnotes":""},"class_list":["post-537","page","type-page","status-publish","hentry"],"_links":{"self":[{"href":"https:\/\/stcojardin.fr\/index.php\/wp-json\/wp\/v2\/pages\/537","targetHints":{"allow":["GET"]}}],"collection":[{"href":"https:\/\/stcojardin.fr\/index.php\/wp-json\/wp\/v2\/pages"}],"about":[{"href":"https:\/\/stcojardin.fr\/index.php\/wp-json\/wp\/v2\/types\/page"}],"author":[{"embeddable":true,"href":"https:\/\/stcojardin.fr\/index.php\/wp-json\/wp\/v2\/users\/3"}],"replies":[{"embeddable":true,"href":"https:\/\/stcojardin.fr\/index.php\/wp-json\/wp\/v2\/comments?post=537"}],"version-history":[{"count":1,"href":"https:\/\/stcojardin.fr\/index.php\/wp-json\/wp\/v2\/pages\/537\/revisions"}],"predecessor-version":[{"id":543,"href":"https:\/\/stcojardin.fr\/index.php\/wp-json\/wp\/v2\/pages\/537\/revisions\/543"}],"wp:attachment":[{"href":"https:\/\/stcojardin.fr\/index.php\/wp-json\/wp\/v2\/media?parent=537"}],"curies":[{"name":"wp","href":"https:\/\/api.w.org\/{rel}","templated":true}]}}